 25656320?
2, 5, 5011
List the prime factors of 32707529.
61, 536189
List the prime factors of 197771114.
2, 19, 5204503
What are the prime factors of 4948494?
2, 3, 824749
What are the prime factors of 529116860?
2, 5, 131, 201953
List the prime factors of 4781498.
2, 47, 50867
List the prime factors of 902987954.
2, 11, 73, 562259
List the prime factors of 204594127.
37, 5529571
What are the prime factors of 314824011?
3, 71, 1478047
What are the prime factors of 23002841?
2381, 9661
What are the prime factors of 3363434779?
13381, 251359
What are the prime factors of 24134406?
2, 3, 23, 47, 61
What are the prime factors of 263887260?
2, 3, 5, 7, 13, 17, 2843
List the prime factors of 1684919179.
15773, 106823
List the prime factors of 258489720.
2, 3, 5, 181, 3967
What are the prime factors of 1845380309?
2897, 636997
List the prime factors of 89269255.
5, 193, 92507
List the prime factors of 90439120.
2, 5, 509, 2221
What are the prime factors of 32814060?
2, 3, 5, 487, 1123
What are the prime factors of 184035463?
19, 9686077
List the prime factors of 1913582860.
2, 5, 7, 167, 81847
What are the prime factors of 1634025586?
2, 283, 2886971
What are the prime factors of 788895693?
3, 17, 572909
What are the prime factors of 88226510?
2, 5, 83, 106297
What are the prime factors of 1071090124?
2, 13, 20597887
List the prime factors of 1491249016.
2, 67, 281, 9901
List the prime factors of 18571630.
2, 5, 7, 11, 89, 271
List the prime factors of 2995550183.
59, 860543
List the prime factors of 272255718.
2, 3, 7, 151, 42929
List the prime factors of 5178164766.
2, 3, 53, 163, 283, 353
List the prime factors of 6265959632.
2, 1709, 229153
What are the prime factors of 36933007?
199, 185593
List the prime factors of 170959326.
2, 3, 491, 58031
List the prime factors of 6694543952.
2, 418408997
List the prime factors of 165177530.
2, 5, 7, 337097
What are the prime factors of 168136082?
2, 73, 257, 4481
List the prime factors of 108665894.
2, 54332947
List the prime factors of 576864080.
2, 5, 13, 554677
List the prime factors of 367403030.
2, 5, 29, 59, 109, 197
List the prime factors of 333030049.
11, 61, 149, 3331
What are the prime factors of 256779634?
2, 31, 443, 9349
What are the prime factors of 42964380?
2, 3, 5, 238691
List the prime factors of 2101391222.
2, 7, 19, 7899967
What are the prime factors of 1084169647?
11, 73, 331, 4079
List the prime factors of 3018444226.
2, 7, 467, 461677
What are the prime factors of 4638826346?
2, 7, 11, 17, 23, 41, 1879
What are the prime factors of 72554125?
5, 7, 283, 293
List the prime factors of 239679485.
5, 257, 383, 487
List the prime factors of 6503261644.
2, 11, 113, 118907
What are the prime factors of 1541939909?
1097, 1405597
List the prime factors of 96355722.
2, 3, 61, 263267
What are the prime factors of 574983441?
3, 37, 21317
What are the prime factors of 179156318?
2, 11, 43, 229, 827
List the prime factors of 1033022875.
5, 19, 434957
What are the prime factors of 517726153?
7, 73960879
List the prime factors of 1293568223.
241, 1741, 3083
What are the prime factors of 2793210?
2, 3, 5, 7, 47, 283
List the prime factors of 4568710912.
2, 331, 53917
What are the prime factors of 34933904?
2, 137, 15937
What are the prime factors of 13781587?
13781587
List the prime factors of 530653495.
5, 101, 701, 1499
What are the prime factors of 223696010?
2, 5, 22369601
What are the prime factors of 93857640?
2, 3, 5, 782147
List the prime factors of 1790919004.
2, 7, 63961393
What are the prime factors of 1007809599?
3, 335936533
What are the prime factors of 2806898084?
2, 17, 1787, 23099
List the prime factors of 958713115.
5, 19, 531143
What are the prime factors of 268423071?
3, 7, 43, 297257
What are the prime factors of 20957970?
2, 3, 5, 11, 41, 1549
What are the prime factors of 623087220?
2, 3, 5, 7, 79, 89, 211
List the prime factors of 64388713.
79, 815047
What are the prime factors of 2371799531?
67, 35399993
List the prime factors of 124035327.
3, 13, 313, 1129
List the prime factors of 233969875.
5, 89, 21031
List the prime factors of 152066883.
3, 6329, 8009
List the prime factors of 402448742.
2, 14051, 14321
List the prime factors of 280013098.
2, 53, 2641633
What are the prime factors of 2713351202?
2, 19, 379, 188401
List the prime factors of 102022501.
7, 14574643
What are the prime factors of 24140099?
97, 248867
List the prime factors of 443319200.
2, 5, 17, 37, 881
List the prime factors of 944684072.
2, 157, 752137
List the prime factors of 190013076.
2, 3, 11, 181, 241
List the prime factors of 21990857.
7, 448793
List the prime factors of 3200600839.
3527, 907457
What are the prime factors of 22101846?
2, 3, 13, 179, 1583
What are the prime factors of 101401637?
863, 117499
What are the prime factors of 36832041?
3, 311, 13159
What are the prime factors of 1013225374?
2, 7, 29, 41, 60869
List the prime factors of 183342861.
3, 13, 149, 809
List the prime factors of 111350811.
3, 11, 13, 19, 719
List the prime factors of 27357222.
2, 3, 53, 86029
What are the prime factors of 122395255?
5, 24479051
What are the prime factors of 1206257465?
5, 7, 19, 29, 62549
List the prime factors of 9525843.
3, 73, 179
List the prime factors of 52748507.
7, 7535501
List the prime factors of 63828080.
2, 5, 797851
What are the prime factors of 472986769?
472986769
List the prime factors of 855992098.
2, 13, 2532521
List the prime factors of 232956254.
2, 71, 89, 18433
List the prime factors of 107159284.
2, 1217, 22013
What are the prime factors of 2639758670?
2, 5, 311, 848797
What are the prime factors of 2106666688?
2, 7, 4702381
List the prime factors of 105583574.
2, 52791787
What are the prime factors of 428638069?
428638069
What are the prime factors of 1956521256?
2, 3, 103, 791473
What are the prime factors of 234522478?
2, 29, 4043491
What are the prime factors of 208191252?
2, 3, 17349271
What are the prime factors of 111575363?
1033, 108011
List the prime factors of 118140953.
7, 16877279
List the prime factors of 5182717041.
3, 2423, 26407
What are the prime factors of 1668502232?
2, 208562779
List the prime factors of 3510095630.
2, 5, 4759, 73757
List the prime factors of 212807541.
3, 70935847
What are the prime factors of 54262151?
103, 661, 797
List the prime factors of 461680869.
3, 13, 41, 288731
What are the prime factors of 1079981241?
3, 67, 1087, 4943
What are the prime factors of 5730324955?
5, 97, 11815103
List the prime factors of 498787812.
2, 3, 307, 45131
What are the prime factors of 2328347174?
2, 37, 1877, 16763
List the prime factors of 3707207530.
2, 5, 13, 2801, 10181
What are the prime factors of 47150807?
11, 151, 28387
What are the prime factors of 356111926?
2, 178055963
What are the prime factors of 159152515?
5, 1019, 31237
List the prime factors of 4053033675.
3, 5, 61, 197, 1499
What are the prime factors of 192592054?
2, 96296027
List the prime factors of 1295739434.
2, 11, 58897247
What are the prime factors of 288896828?
2, 11, 293, 22409
List the prime factors of 1804917948.
2, 3, 17, 43, 205759
List the prime factors of 580000594.
2, 17, 17058841
What are the prime factors of 2339672460?
2, 3, 5, 38994541
List the prime factors of 25495840.
2, 5, 159349
List the prime factors of 53482040.
2, 5, 41, 32611
List the prime factors of 59169393.
3, 2191459
List the prime factors of 394582504.
2, 37, 271, 4919
List the prime factors of 2006382804.
2, 3, 67, 2495501
What are the prime factors of 1257174282?
2, 3, 7, 13, 328931
What are the prime factors of 203010684?
2, 3, 61, 463, 599
What are the prime factors of 626097603?
3, 208699201
What are the prime factors of 828639529?
151, 239, 22961
List the prime factors of 86116199.
13, 139, 47657
What are the prime factors of 772995337?
772995337
List the prime factors of 37850563.
821, 46103
What are the prime factors of 200845826?
2, 139, 722467
What are the prime factors of 309841357?
7, 6323293
List the prime factors of 139661792.
2, 4364431
List the prime factors of 74614898.
2, 23, 1622063
List the prime factors of 2604010657.
593, 4391249
List the prime factors of 62654902.
2, 31327451
What are the prime factors of 930486635?
5, 13, 113, 126683
List the prime factors of 1796552.
2, 2